{"id":7224,"date":"2020-03-23T15:32:06","date_gmt":"2020-03-23T08:32:06","guid":{"rendered":"https:\/\/scubadirectvietnam.com\/?post_type=product&#038;p=7224"},"modified":"2023-12-18T15:12:37","modified_gmt":"2023-12-18T09:12:37","slug":"giay-lan-cressi-isla-boots-5mm","status":"publish","type":"product","link":"https:\/\/scubadirectvietnam.com\/?product=giay-lan-cressi-isla-boots-5mm","title":{"rendered":"GI\u00c0Y L\u1eb6N CRESSI ISLA  BOOTS 5MM"},"content":{"rendered":"<p>GI\u00c0Y L\u1eb6N CRESSI ISLA BOOTS 5MM<\/p>\n<p>Nh\u1eefng \u0111\u00f4i b\u1ed1t \u0111\u01b0\u1ee3c thi\u1ebft k\u1ebf \u0111\u1ec3 ph\u00f9 h\u1ee3p s\u1eed d\u1ee5ng v\u1edbi ch\u00e2n b\u01a1i h\u1edf g\u00f3t.<\/p>\n<ul>\n<li>Ch\u00fang \u0111\u01b0\u1ee3c l\u00e0m t\u1eeb v\u1eadt li\u1ec7u m\u1ec1m, l\u00f3t \u0111\u00f4i neoprene v\u00e0 c\u00f3 d\u00e2y k\u00e9o \u0111\u1ebfn m\u1eaft c\u00e1 ch\u00e2n, d\u1ec5 d\u00e0ng mang v\u00e0o hay th\u00e1o ra.<\/li>\n<li>Th\u1ea5m n\u01b0\u1edbc \u0111\u01b0\u1ee3c gi\u1ea3m \u0111\u1ebfn m\u1ee9c t\u1ed1i thi\u1ec3u nh\u1edd n\u1eafp m\u1ecfng d\u01b0\u1edbi zip, ho\u1ea1t \u0111\u1ed9ng nh\u01b0 m\u1ed9t r\u00e0o c\u1ea3n hi\u1ec7u qu\u1ea3 ch\u1ed1ng l\u1ea1i n\u01b0\u1edbc c\u00f3 th\u1ec3 th\u1ea5m qua d\u00e2y k\u00e9o.<\/li>\n<li><span class=\"text_exposed_show\">\u0110\u1ebf gi\u00e0y c\u00f3 nhi\u1ec1u r\u1ea3nh ch\u1ed1ng tr\u01b0\u1ee3t.<\/span><\/li>\n<li><span class=\"text_exposed_show\">Ph\u1ea7n h\u1ed7 tr\u1ee3 \u1edf m\u1eb7t sau c\u1ee7a b\u00e0n ch\u00e2n v\u00e0 g\u00f3t ch\u00e2n cung c\u1ea5p b\u1ea3o v\u1ec7 ch\u1ed1ng m\u00e0i m\u00f2n v\u00e0 r\u00e1ch.<\/span><\/li>\n<li><span class=\"text_exposed_show\">\u0110\u1ed9 d\u00e0y: 3mm, 5mm<\/span><\/li>\n<\/ul>\n","protected":false},"excerpt":{"rendered":"<p>GI\u00c0Y L\u1eb6N CRESSI ISLA BOOTS 5MM Nh\u1eefng \u0111\u00f4i b\u1ed1t \u0111\u01b0\u1ee3c thi\u1ebft k\u1ebf \u0111\u1ec3 ph\u00f9 h\u1ee3p s\u1eed d\u1ee5ng v\u1edbi ch\u00e2n b\u01a1i h\u1edf g\u00f3t. Ch\u00fang \u0111\u01b0\u1ee3c l\u00e0m t\u1eeb v\u1eadt li\u1ec7u m\u1ec1m, l\u00f3t \u0111\u00f4i neoprene v\u00e0 c\u00f3 d\u00e2y k\u00e9o \u0111\u1ebfn m\u1eaft c\u00e1 ch\u00e2n, d\u1ec5 d\u00e0ng mang v\u00e0o hay th\u00e1o ra. Th\u1ea5m n\u01b0\u1edbc \u0111\u01b0\u1ee3c gi\u1ea3m \u0111\u1ebfn m\u1ee9c t\u1ed1i thi\u1ec3u&hellip;<\/p>\n","protected":false},"featured_media":55207,"comment_status":"closed","ping_status":"closed","template":"","meta":[],"product_brand":[],"product_cat":[116],"product_tag":[457,334,375,456,458],"class_list":{"0":"post-7224","1":"product","2":"type-product","3":"status-publish","4":"has-post-thumbnail","6":"product_cat-giay-lan","7":"product_tag-boots","8":"product_tag-cressi","9":"product_tag-diving","10":"product_tag-giay-lan","11":"product_tag-scuba","12":"description-off","14":"first","15":"instock","16":"taxable","17":"shipping-taxable","18":"purchasable","19":"product-type-variable"},"yoast_head":"<!-- This site is optimized with the Yoast SEO plugin v27.4 - https:\/\/yoast.com\/product\/yoast-seo-wordpress\/ -->\n<title>GI\u00c0Y L\u1eb6N CRESSI ISLA BOOTS 5MM - Scuba Direct Vietnam<\/title>\n<meta name=\"description\" content=\"GI\u00c0Y L\u1eb6N CRESSI ISLA BOOTS 5MM Nh\u1eefng \u0111\u00f4i b\u1ed1t \u0111\u01b0\u1ee3c thi\u1ebft k\u1ebf \u0111\u1ec3 ph\u00f9 h\u1ee3p s\u1eed d\u1ee5ng v\u1edbi ch\u00e2n b\u01a1i h\u1edf g\u00f3t.Ch\u00fang \u0111\u01b0\u1ee3c l\u00e0m t\u1eeb v\u1eadt li\u1ec7u m\u1ec1m, l\u00f3t \u0111\u00f4i neoprene v\u00e0 c\u00f3\" \/>\n<meta name=\"robots\" content=\"index, follow, max-snippet:-1, max-image-preview:large, max-video-preview:-1\" \/>\n<link rel=\"canonical\" href=\"https:\/\/scubadirectvietnam.com\/?product=giay-lan-cressi-isla-boots-5mm\" \/>\n<meta property=\"og:locale\" content=\"en_US\" \/>\n<meta property=\"og:type\" content=\"article\" \/>\n<meta property=\"og:title\" content=\"GI\u00c0Y L\u1eb6N CRESSI ISLA BOOTS 5MM - Scuba Direct Vietnam\" \/>\n<meta property=\"og:description\" content=\"GI\u00c0Y L\u1eb6N CRESSI ISLA BOOTS 5MM Nh\u1eefng \u0111\u00f4i b\u1ed1t \u0111\u01b0\u1ee3c thi\u1ebft k\u1ebf \u0111\u1ec3 ph\u00f9 h\u1ee3p s\u1eed d\u1ee5ng v\u1edbi ch\u00e2n b\u01a1i h\u1edf g\u00f3t.Ch\u00fang \u0111\u01b0\u1ee3c l\u00e0m t\u1eeb v\u1eadt li\u1ec7u m\u1ec1m, l\u00f3t \u0111\u00f4i neoprene v\u00e0 c\u00f3\" \/>\n<meta property=\"og:url\" content=\"https:\/\/scubadirectvietnam.com\/?product=giay-lan-cressi-isla-boots-5mm\" \/>\n<meta property=\"og:site_name\" content=\"Scuba Direct Vietnam\" \/>\n<meta property=\"article:publisher\" content=\"https:\/\/www.facebook.com\/scubadirectvn\" \/>\n<meta property=\"article:modified_time\" content=\"2023-12-18T09:12:37+00:00\" \/>\n<meta property=\"og:image\" content=\"https:\/\/scubadirectvietnam.com\/wp-content\/uploads\/2020\/03\/Scuba-Direct-Vietnam-Online-Shop-Cressi-Dive-Boots-Isla-Giay-Lan.jpg\" \/>\n\t<meta property=\"og:image:width\" content=\"800\" \/>\n\t<meta property=\"og:image:height\" content=\"800\" \/>\n\t<meta property=\"og:image:type\" content=\"image\/jpeg\" \/>\n<meta name=\"twitter:card\" content=\"summary_large_image\" \/>\n<meta name=\"twitter:label1\" content=\"Est. reading time\" \/>\n\t<meta name=\"twitter:data1\" content=\"1 minute\" \/>\n<script type=\"application\/ld+json\" class=\"yoast-schema-graph\">{\"@context\":\"https:\\\/\\\/schema.org\",\"@graph\":[{\"@type\":\"WebPage\",\"@id\":\"https:\\\/\\\/scubadirectvietnam.com\\\/?product=giay-lan-cressi-isla-boots-5mm\",\"url\":\"https:\\\/\\\/scubadirectvietnam.com\\\/?product=giay-lan-cressi-isla-boots-5mm\",\"name\":\"GI\u00c0Y L\u1eb6N CRESSI ISLA BOOTS 5MM - Scuba Direct Vietnam\",\"isPartOf\":{\"@id\":\"https:\\\/\\\/scubadirectvietnam.com\\\/#website\"},\"primaryImageOfPage\":{\"@id\":\"https:\\\/\\\/scubadirectvietnam.com\\\/?product=giay-lan-cressi-isla-boots-5mm#primaryimage\"},\"image\":{\"@id\":\"https:\\\/\\\/scubadirectvietnam.com\\\/?product=giay-lan-cressi-isla-boots-5mm#primaryimage\"},\"thumbnailUrl\":\"https:\\\/\\\/scubadirectvietnam.com\\\/wp-content\\\/uploads\\\/2020\\\/03\\\/Scuba-Direct-Vietnam-Online-Shop-Cressi-Dive-Boots-Isla-Giay-Lan.jpg\",\"datePublished\":\"2020-03-23T08:32:06+00:00\",\"dateModified\":\"2023-12-18T09:12:37+00:00\",\"description\":\"GI\u00c0Y L\u1eb6N CRESSI ISLA BOOTS 5MM Nh\u1eefng \u0111\u00f4i b\u1ed1t \u0111\u01b0\u1ee3c thi\u1ebft k\u1ebf \u0111\u1ec3 ph\u00f9 h\u1ee3p s\u1eed d\u1ee5ng v\u1edbi ch\u00e2n b\u01a1i h\u1edf g\u00f3t.Ch\u00fang \u0111\u01b0\u1ee3c l\u00e0m t\u1eeb v\u1eadt li\u1ec7u m\u1ec1m, l\u00f3t \u0111\u00f4i neoprene v\u00e0 c\u00f3\",\"breadcrumb\":{\"@id\":\"https:\\\/\\\/scubadirectvietnam.com\\\/?product=giay-lan-cressi-isla-boots-5mm#breadcrumb\"},\"inLanguage\":\"en-US\",\"potentialAction\":[{\"@type\":\"ReadAction\",\"target\":[\"https:\\\/\\\/scubadirectvietnam.com\\\/?product=giay-lan-cressi-isla-boots-5mm\"]}]},{\"@type\":\"ImageObject\",\"inLanguage\":\"en-US\",\"@id\":\"https:\\\/\\\/scubadirectvietnam.com\\\/?product=giay-lan-cressi-isla-boots-5mm#primaryimage\",\"url\":\"https:\\\/\\\/scubadirectvietnam.com\\\/wp-content\\\/uploads\\\/2020\\\/03\\\/Scuba-Direct-Vietnam-Online-Shop-Cressi-Dive-Boots-Isla-Giay-Lan.jpg\",\"contentUrl\":\"https:\\\/\\\/scubadirectvietnam.com\\\/wp-content\\\/uploads\\\/2020\\\/03\\\/Scuba-Direct-Vietnam-Online-Shop-Cressi-Dive-Boots-Isla-Giay-Lan.jpg\",\"width\":800,\"height\":800,\"caption\":\"Scuba-Direct-Vietnam-Online-Shop-Cressi-Dive-Boots-Isla-Giay-Lan\"},{\"@type\":\"BreadcrumbList\",\"@id\":\"https:\\\/\\\/scubadirectvietnam.com\\\/?product=giay-lan-cressi-isla-boots-5mm#breadcrumb\",\"itemListElement\":[{\"@type\":\"ListItem\",\"position\":1,\"name\":\"Home\",\"item\":\"https:\\\/\\\/scubadirectvietnam.com\\\/\"},{\"@type\":\"ListItem\",\"position\":2,\"name\":\"SCUBA DIRECT VIETNAM ONLINE SHOP\",\"item\":\"https:\\\/\\\/scubadirectvietnam.com\\\/?page_id=54530\"},{\"@type\":\"ListItem\",\"position\":3,\"name\":\"GI\u00c0Y L\u1eb6N CRESSI ISLA BOOTS 5MM\"}]},{\"@type\":\"WebSite\",\"@id\":\"https:\\\/\\\/scubadirectvietnam.com\\\/#website\",\"url\":\"https:\\\/\\\/scubadirectvietnam.com\\\/\",\"name\":\"Scuba Direct Vietnam\",\"description\":\"\",\"publisher\":{\"@id\":\"https:\\\/\\\/scubadirectvietnam.com\\\/#organization\"},\"potentialAction\":[{\"@type\":\"SearchAction\",\"target\":{\"@type\":\"EntryPoint\",\"urlTemplate\":\"https:\\\/\\\/scubadirectvietnam.com\\\/?s={search_term_string}\"},\"query-input\":{\"@type\":\"PropertyValueSpecification\",\"valueRequired\":true,\"valueName\":\"search_term_string\"}}],\"inLanguage\":\"en-US\"},{\"@type\":\"Organization\",\"@id\":\"https:\\\/\\\/scubadirectvietnam.com\\\/#organization\",\"name\":\"Scuba Direct Vietnam Cressi Online\",\"url\":\"https:\\\/\\\/scubadirectvietnam.com\\\/\",\"logo\":{\"@type\":\"ImageObject\",\"inLanguage\":\"en-US\",\"@id\":\"https:\\\/\\\/scubadirectvietnam.com\\\/#\\\/schema\\\/logo\\\/image\\\/\",\"url\":\"https:\\\/\\\/scubadirectvietnam.com\\\/wp-content\\\/uploads\\\/2023\\\/11\\\/Scuba-Direct-Vietnam-Scuba-Gear_logo.png\",\"contentUrl\":\"https:\\\/\\\/scubadirectvietnam.com\\\/wp-content\\\/uploads\\\/2023\\\/11\\\/Scuba-Direct-Vietnam-Scuba-Gear_logo.png\",\"width\":300,\"height\":90,\"caption\":\"Scuba Direct Vietnam Cressi Online\"},\"image\":{\"@id\":\"https:\\\/\\\/scubadirectvietnam.com\\\/#\\\/schema\\\/logo\\\/image\\\/\"},\"sameAs\":[\"https:\\\/\\\/www.facebook.com\\\/scubadirectvn\"]}]}<\/script>\n<!-- \/ Yoast SEO plugin. -->","yoast_head_json":{"title":"GI\u00c0Y L\u1eb6N CRESSI ISLA BOOTS 5MM - Scuba Direct Vietnam","description":"GI\u00c0Y L\u1eb6N CRESSI ISLA BOOTS 5MM Nh\u1eefng \u0111\u00f4i b\u1ed1t \u0111\u01b0\u1ee3c thi\u1ebft k\u1ebf \u0111\u1ec3 ph\u00f9 h\u1ee3p s\u1eed d\u1ee5ng v\u1edbi ch\u00e2n b\u01a1i h\u1edf g\u00f3t.Ch\u00fang \u0111\u01b0\u1ee3c l\u00e0m t\u1eeb v\u1eadt li\u1ec7u m\u1ec1m, l\u00f3t \u0111\u00f4i neoprene v\u00e0 c\u00f3","robots":{"index":"index","follow":"follow","max-snippet":"max-snippet:-1","max-image-preview":"max-image-preview:large","max-video-preview":"max-video-preview:-1"},"canonical":"https:\/\/scubadirectvietnam.com\/?product=giay-lan-cressi-isla-boots-5mm","og_locale":"en_US","og_type":"article","og_title":"GI\u00c0Y L\u1eb6N CRESSI ISLA BOOTS 5MM - Scuba Direct Vietnam","og_description":"GI\u00c0Y L\u1eb6N CRESSI ISLA BOOTS 5MM Nh\u1eefng \u0111\u00f4i b\u1ed1t \u0111\u01b0\u1ee3c thi\u1ebft k\u1ebf \u0111\u1ec3 ph\u00f9 h\u1ee3p s\u1eed d\u1ee5ng v\u1edbi ch\u00e2n b\u01a1i h\u1edf g\u00f3t.Ch\u00fang \u0111\u01b0\u1ee3c l\u00e0m t\u1eeb v\u1eadt li\u1ec7u m\u1ec1m, l\u00f3t \u0111\u00f4i neoprene v\u00e0 c\u00f3","og_url":"https:\/\/scubadirectvietnam.com\/?product=giay-lan-cressi-isla-boots-5mm","og_site_name":"Scuba Direct Vietnam","article_publisher":"https:\/\/www.facebook.com\/scubadirectvn","article_modified_time":"2023-12-18T09:12:37+00:00","og_image":[{"width":800,"height":800,"url":"https:\/\/scubadirectvietnam.com\/wp-content\/uploads\/2020\/03\/Scuba-Direct-Vietnam-Online-Shop-Cressi-Dive-Boots-Isla-Giay-Lan.jpg","type":"image\/jpeg"}],"twitter_card":"summary_large_image","twitter_misc":{"Est. reading time":"1 minute"},"schema":{"@context":"https:\/\/schema.org","@graph":[{"@type":"WebPage","@id":"https:\/\/scubadirectvietnam.com\/?product=giay-lan-cressi-isla-boots-5mm","url":"https:\/\/scubadirectvietnam.com\/?product=giay-lan-cressi-isla-boots-5mm","name":"GI\u00c0Y L\u1eb6N CRESSI ISLA BOOTS 5MM - Scuba Direct Vietnam","isPartOf":{"@id":"https:\/\/scubadirectvietnam.com\/#website"},"primaryImageOfPage":{"@id":"https:\/\/scubadirectvietnam.com\/?product=giay-lan-cressi-isla-boots-5mm#primaryimage"},"image":{"@id":"https:\/\/scubadirectvietnam.com\/?product=giay-lan-cressi-isla-boots-5mm#primaryimage"},"thumbnailUrl":"https:\/\/scubadirectvietnam.com\/wp-content\/uploads\/2020\/03\/Scuba-Direct-Vietnam-Online-Shop-Cressi-Dive-Boots-Isla-Giay-Lan.jpg","datePublished":"2020-03-23T08:32:06+00:00","dateModified":"2023-12-18T09:12:37+00:00","description":"GI\u00c0Y L\u1eb6N CRESSI ISLA BOOTS 5MM Nh\u1eefng \u0111\u00f4i b\u1ed1t \u0111\u01b0\u1ee3c thi\u1ebft k\u1ebf \u0111\u1ec3 ph\u00f9 h\u1ee3p s\u1eed d\u1ee5ng v\u1edbi ch\u00e2n b\u01a1i h\u1edf g\u00f3t.Ch\u00fang \u0111\u01b0\u1ee3c l\u00e0m t\u1eeb v\u1eadt li\u1ec7u m\u1ec1m, l\u00f3t \u0111\u00f4i neoprene v\u00e0 c\u00f3","breadcrumb":{"@id":"https:\/\/scubadirectvietnam.com\/?product=giay-lan-cressi-isla-boots-5mm#breadcrumb"},"inLanguage":"en-US","potentialAction":[{"@type":"ReadAction","target":["https:\/\/scubadirectvietnam.com\/?product=giay-lan-cressi-isla-boots-5mm"]}]},{"@type":"ImageObject","inLanguage":"en-US","@id":"https:\/\/scubadirectvietnam.com\/?product=giay-lan-cressi-isla-boots-5mm#primaryimage","url":"https:\/\/scubadirectvietnam.com\/wp-content\/uploads\/2020\/03\/Scuba-Direct-Vietnam-Online-Shop-Cressi-Dive-Boots-Isla-Giay-Lan.jpg","contentUrl":"https:\/\/scubadirectvietnam.com\/wp-content\/uploads\/2020\/03\/Scuba-Direct-Vietnam-Online-Shop-Cressi-Dive-Boots-Isla-Giay-Lan.jpg","width":800,"height":800,"caption":"Scuba-Direct-Vietnam-Online-Shop-Cressi-Dive-Boots-Isla-Giay-Lan"},{"@type":"BreadcrumbList","@id":"https:\/\/scubadirectvietnam.com\/?product=giay-lan-cressi-isla-boots-5mm#breadcrumb","itemListElement":[{"@type":"ListItem","position":1,"name":"Home","item":"https:\/\/scubadirectvietnam.com\/"},{"@type":"ListItem","position":2,"name":"SCUBA DIRECT VIETNAM ONLINE SHOP","item":"https:\/\/scubadirectvietnam.com\/?page_id=54530"},{"@type":"ListItem","position":3,"name":"GI\u00c0Y L\u1eb6N CRESSI ISLA BOOTS 5MM"}]},{"@type":"WebSite","@id":"https:\/\/scubadirectvietnam.com\/#website","url":"https:\/\/scubadirectvietnam.com\/","name":"Scuba Direct Vietnam","description":"","publisher":{"@id":"https:\/\/scubadirectvietnam.com\/#organization"},"potentialAction":[{"@type":"SearchAction","target":{"@type":"EntryPoint","urlTemplate":"https:\/\/scubadirectvietnam.com\/?s={search_term_string}"},"query-input":{"@type":"PropertyValueSpecification","valueRequired":true,"valueName":"search_term_string"}}],"inLanguage":"en-US"},{"@type":"Organization","@id":"https:\/\/scubadirectvietnam.com\/#organization","name":"Scuba Direct Vietnam Cressi Online","url":"https:\/\/scubadirectvietnam.com\/","logo":{"@type":"ImageObject","inLanguage":"en-US","@id":"https:\/\/scubadirectvietnam.com\/#\/schema\/logo\/image\/","url":"https:\/\/scubadirectvietnam.com\/wp-content\/uploads\/2023\/11\/Scuba-Direct-Vietnam-Scuba-Gear_logo.png","contentUrl":"https:\/\/scubadirectvietnam.com\/wp-content\/uploads\/2023\/11\/Scuba-Direct-Vietnam-Scuba-Gear_logo.png","width":300,"height":90,"caption":"Scuba Direct Vietnam Cressi Online"},"image":{"@id":"https:\/\/scubadirectvietnam.com\/#\/schema\/logo\/image\/"},"sameAs":["https:\/\/www.facebook.com\/scubadirectvn"]}]}},"_links":{"self":[{"href":"https:\/\/scubadirectvietnam.com\/index.php?rest_route=\/wp\/v2\/product\/7224","targetHints":{"allow":["GET"]}}],"collection":[{"href":"https:\/\/scubadirectvietnam.com\/index.php?rest_route=\/wp\/v2\/product"}],"about":[{"href":"https:\/\/scubadirectvietnam.com\/index.php?rest_route=\/wp\/v2\/types\/product"}],"replies":[{"embeddable":true,"href":"https:\/\/scubadirectvietnam.com\/index.php?rest_route=%2Fwp%2Fv2%2Fcomments&post=7224"}],"version-history":[{"count":4,"href":"https:\/\/scubadirectvietnam.com\/index.php?rest_route=\/wp\/v2\/product\/7224\/revisions"}],"predecessor-version":[{"id":57614,"href":"https:\/\/scubadirectvietnam.com\/index.php?rest_route=\/wp\/v2\/product\/7224\/revisions\/57614"}],"wp:featuredmedia":[{"embeddable":true,"href":"https:\/\/scubadirectvietnam.com\/index.php?rest_route=\/wp\/v2\/media\/55207"}],"wp:attachment":[{"href":"https:\/\/scubadirectvietnam.com\/index.php?rest_route=%2Fwp%2Fv2%2Fmedia&parent=7224"}],"wp:term":[{"taxonomy":"product_brand","embeddable":true,"href":"https:\/\/scubadirectvietnam.com\/index.php?rest_route=%2Fwp%2Fv2%2Fproduct_brand&post=7224"},{"taxonomy":"product_cat","embeddable":true,"href":"https:\/\/scubadirectvietnam.com\/index.php?rest_route=%2Fwp%2Fv2%2Fproduct_cat&post=7224"},{"taxonomy":"product_tag","embeddable":true,"href":"https:\/\/scubadirectvietnam.com\/index.php?rest_route=%2Fwp%2Fv2%2Fproduct_tag&post=7224"}],"curies":[{"name":"wp","href":"https:\/\/api.w.org\/{rel}","templated":true}]}}