{"id":55757,"date":"2023-12-02T07:02:28","date_gmt":"2023-12-02T07:02:28","guid":{"rendered":"https:\/\/scubadirectvietnam.com\/new\/?post_type=product&#038;p=55757"},"modified":"2026-01-28T10:15:25","modified_gmt":"2026-01-28T04:15:25","slug":"tracina-2","status":"publish","type":"product","link":"https:\/\/scubadirectvietnam.com\/?product=tracina-2","title":{"rendered":"G\u0102NG TAY L\u1eb6N &#8211; CRESSI GLOVES TRACINA"},"content":{"rendered":"<ul>\n<li>G\u0103ng tay TRACINA \u0111\u01b0\u1ee3c l\u00e0m t\u1eeb v\u1eadt li\u1ec7u \u0111\u00e0n h\u1ed3i Neoprene\u00ae d\u00e0y 3mm m\u1ec1m m\u1ea1i v\u00e0 d\u1ebbo dai.<\/li>\n<li>L\u00e0 lo\u1ea1i v\u1eadt li\u1ec7u ch\u1ea5t l\u01b0\u1ee3ng, m\u1ec1m m\u1ea1i t\u1ea1o s\u1ef1 tho\u1ea3i m\u00e1i khi s\u1eed d\u1ee5ng.<\/li>\n<li>G\u0103ng tay \u0111\u01b0\u1ee3c s\u01a1n ph\u1ee7 b\u1eb1ng v\u1eadt li\u1ec7u b\u1ec1n v\u00e0 \u0111\u01b0\u1ee3c trang tr\u00ed v\u1edbi t\u00e1c d\u1ee5ng che ng\u1ee5y trang trong CRESSI t\u1ed1i ma-pat.<\/li>\n<li>C\u00e1c l\u1edbp l\u00f3t b\u00ean trong l\u00e0 Black-Metallite \u0111\u1ec3 mang g\u0103ng d\u1ec5 d\u00e0ng h\u01a1n.<\/li>\n<\/ul>\n","protected":false},"excerpt":{"rendered":"<p>G\u0103ng tay TRACINA \u0111\u01b0\u1ee3c l\u00e0m t\u1eeb v\u1eadt li\u1ec7u \u0111\u00e0n h\u1ed3i Neoprene\u00ae d\u00e0y 3mm m\u1ec1m m\u1ea1i v\u00e0 d\u1ebbo dai. L\u00e0 lo\u1ea1i v\u1eadt li\u1ec7u ch\u1ea5t l\u01b0\u1ee3ng, m\u1ec1m m\u1ea1i t\u1ea1o s\u1ef1 tho\u1ea3i m\u00e1i khi s\u1eed d\u1ee5ng. G\u0103ng tay \u0111\u01b0\u1ee3c s\u01a1n ph\u1ee7 b\u1eb1ng v\u1eadt li\u1ec7u b\u1ec1n v\u00e0 \u0111\u01b0\u1ee3c trang tr\u00ed v\u1edbi t\u00e1c d\u1ee5ng che ng\u1ee5y trang trong CRESSI t\u1ed1i&hellip;<\/p>\n","protected":false},"featured_media":55858,"comment_status":"closed","ping_status":"closed","template":"","meta":[],"product_brand":[],"product_cat":[115],"product_tag":[356],"class_list":{"0":"post-55757","1":"product","2":"type-product","3":"status-publish","4":"has-post-thumbnail","6":"product_cat-gang-tay-tat-lan","7":"product_tag-gang-tay-lan","8":"description-off","10":"first","11":"instock","12":"sale","13":"taxable","14":"shipping-taxable","15":"purchasable","16":"product-type-variable"},"yoast_head":"<!-- This site is optimized with the Yoast SEO plugin v27.4 - https:\/\/yoast.com\/product\/yoast-seo-wordpress\/ -->\n<title>G\u0102NG TAY L\u1eb6N - CRESSI GLOVES TRACINA - Scuba Direct Vietnam<\/title>\n<meta name=\"description\" content=\"g\u0103ng tay thi\u1ebft k\u1ebf c\u00f3 \u0111\u1ed9 \u0111\u00e0n h\u1ed3i tuy\u1ec7t v\u1eddi, s\u1ef1 tho\u1ea3i m\u00e1i, th\u1ee7y \u0111\u1ed9ng l\u1ef1c h\u1ecdc v\u00e0 kh\u00f4 nhanh. B\u00ean trong c\u00f3 l\u1ed7 x\u1ed1p si\u00eau nh\u1ecf v\u1edbi l\u1edbp ph\u1ee7 gi\u00fap b\u1ea3o v\u1ec7 nhi\u1ec7t t\u1ed1t h\u01a1n.\" \/>\n<meta name=\"robots\" content=\"index, follow, max-snippet:-1, max-image-preview:large, max-video-preview:-1\" \/>\n<link rel=\"canonical\" href=\"https:\/\/scubadirectvietnam.com\/?product=tracina-2\" \/>\n<meta property=\"og:locale\" content=\"en_US\" \/>\n<meta property=\"og:type\" content=\"article\" \/>\n<meta property=\"og:title\" content=\"G\u0102NG TAY L\u1eb6N - CRESSI GLOVES TRACINA - Scuba Direct Vietnam\" \/>\n<meta property=\"og:description\" content=\"g\u0103ng tay thi\u1ebft k\u1ebf c\u00f3 \u0111\u1ed9 \u0111\u00e0n h\u1ed3i tuy\u1ec7t v\u1eddi, s\u1ef1 tho\u1ea3i m\u00e1i, th\u1ee7y \u0111\u1ed9ng l\u1ef1c h\u1ecdc v\u00e0 kh\u00f4 nhanh. B\u00ean trong c\u00f3 l\u1ed7 x\u1ed1p si\u00eau nh\u1ecf v\u1edbi l\u1edbp ph\u1ee7 gi\u00fap b\u1ea3o v\u1ec7 nhi\u1ec7t t\u1ed1t h\u01a1n.\" \/>\n<meta property=\"og:url\" content=\"https:\/\/scubadirectvietnam.com\/?product=tracina-2\" \/>\n<meta property=\"og:site_name\" content=\"Scuba Direct Vietnam\" \/>\n<meta property=\"article:publisher\" content=\"https:\/\/www.facebook.com\/scubadirectvn\" \/>\n<meta property=\"article:modified_time\" content=\"2026-01-28T04:15:25+00:00\" \/>\n<meta property=\"og:image\" content=\"https:\/\/scubadirectvietnam.com\/wp-content\/uploads\/2023\/12\/tracinaGloves-800-scuba-direct-vietnam-1.jpg\" \/>\n\t<meta property=\"og:image:width\" content=\"800\" \/>\n\t<meta property=\"og:image:height\" content=\"800\" \/>\n\t<meta property=\"og:image:type\" content=\"image\/jpeg\" \/>\n<meta name=\"twitter:card\" content=\"summary_large_image\" \/>\n<meta name=\"twitter:label1\" content=\"Est. reading time\" \/>\n\t<meta name=\"twitter:data1\" content=\"1 minute\" \/>\n<script type=\"application\/ld+json\" class=\"yoast-schema-graph\">{\"@context\":\"https:\\\/\\\/schema.org\",\"@graph\":[{\"@type\":\"WebPage\",\"@id\":\"https:\\\/\\\/scubadirectvietnam.com\\\/?product=tracina-2\",\"url\":\"https:\\\/\\\/scubadirectvietnam.com\\\/?product=tracina-2\",\"name\":\"G\u0102NG TAY L\u1eb6N - CRESSI GLOVES TRACINA - Scuba Direct Vietnam\",\"isPartOf\":{\"@id\":\"https:\\\/\\\/scubadirectvietnam.com\\\/#website\"},\"primaryImageOfPage\":{\"@id\":\"https:\\\/\\\/scubadirectvietnam.com\\\/?product=tracina-2#primaryimage\"},\"image\":{\"@id\":\"https:\\\/\\\/scubadirectvietnam.com\\\/?product=tracina-2#primaryimage\"},\"thumbnailUrl\":\"https:\\\/\\\/scubadirectvietnam.com\\\/wp-content\\\/uploads\\\/2023\\\/12\\\/tracinaGloves-800-scuba-direct-vietnam-1.jpg\",\"datePublished\":\"2023-12-02T07:02:28+00:00\",\"dateModified\":\"2026-01-28T04:15:25+00:00\",\"description\":\"g\u0103ng tay thi\u1ebft k\u1ebf c\u00f3 \u0111\u1ed9 \u0111\u00e0n h\u1ed3i tuy\u1ec7t v\u1eddi, s\u1ef1 tho\u1ea3i m\u00e1i, th\u1ee7y \u0111\u1ed9ng l\u1ef1c h\u1ecdc v\u00e0 kh\u00f4 nhanh. B\u00ean trong c\u00f3 l\u1ed7 x\u1ed1p si\u00eau nh\u1ecf v\u1edbi l\u1edbp ph\u1ee7 gi\u00fap b\u1ea3o v\u1ec7 nhi\u1ec7t t\u1ed1t h\u01a1n.\",\"breadcrumb\":{\"@id\":\"https:\\\/\\\/scubadirectvietnam.com\\\/?product=tracina-2#breadcrumb\"},\"inLanguage\":\"en-US\",\"potentialAction\":[{\"@type\":\"ReadAction\",\"target\":[\"https:\\\/\\\/scubadirectvietnam.com\\\/?product=tracina-2\"]}]},{\"@type\":\"ImageObject\",\"inLanguage\":\"en-US\",\"@id\":\"https:\\\/\\\/scubadirectvietnam.com\\\/?product=tracina-2#primaryimage\",\"url\":\"https:\\\/\\\/scubadirectvietnam.com\\\/wp-content\\\/uploads\\\/2023\\\/12\\\/tracinaGloves-800-scuba-direct-vietnam-1.jpg\",\"contentUrl\":\"https:\\\/\\\/scubadirectvietnam.com\\\/wp-content\\\/uploads\\\/2023\\\/12\\\/tracinaGloves-800-scuba-direct-vietnam-1.jpg\",\"width\":800,\"height\":800},{\"@type\":\"BreadcrumbList\",\"@id\":\"https:\\\/\\\/scubadirectvietnam.com\\\/?product=tracina-2#breadcrumb\",\"itemListElement\":[{\"@type\":\"ListItem\",\"position\":1,\"name\":\"Home\",\"item\":\"https:\\\/\\\/scubadirectvietnam.com\\\/\"},{\"@type\":\"ListItem\",\"position\":2,\"name\":\"SCUBA DIRECT VIETNAM ONLINE SHOP\",\"item\":\"https:\\\/\\\/scubadirectvietnam.com\\\/?page_id=54530\"},{\"@type\":\"ListItem\",\"position\":3,\"name\":\"G\u0102NG TAY L\u1eb6N &#8211; CRESSI GLOVES TRACINA\"}]},{\"@type\":\"WebSite\",\"@id\":\"https:\\\/\\\/scubadirectvietnam.com\\\/#website\",\"url\":\"https:\\\/\\\/scubadirectvietnam.com\\\/\",\"name\":\"Scuba Direct Vietnam\",\"description\":\"\",\"publisher\":{\"@id\":\"https:\\\/\\\/scubadirectvietnam.com\\\/#organization\"},\"potentialAction\":[{\"@type\":\"SearchAction\",\"target\":{\"@type\":\"EntryPoint\",\"urlTemplate\":\"https:\\\/\\\/scubadirectvietnam.com\\\/?s={search_term_string}\"},\"query-input\":{\"@type\":\"PropertyValueSpecification\",\"valueRequired\":true,\"valueName\":\"search_term_string\"}}],\"inLanguage\":\"en-US\"},{\"@type\":\"Organization\",\"@id\":\"https:\\\/\\\/scubadirectvietnam.com\\\/#organization\",\"name\":\"Scuba Direct Vietnam Cressi Online\",\"url\":\"https:\\\/\\\/scubadirectvietnam.com\\\/\",\"logo\":{\"@type\":\"ImageObject\",\"inLanguage\":\"en-US\",\"@id\":\"https:\\\/\\\/scubadirectvietnam.com\\\/#\\\/schema\\\/logo\\\/image\\\/\",\"url\":\"https:\\\/\\\/scubadirectvietnam.com\\\/wp-content\\\/uploads\\\/2023\\\/11\\\/Scuba-Direct-Vietnam-Scuba-Gear_logo.png\",\"contentUrl\":\"https:\\\/\\\/scubadirectvietnam.com\\\/wp-content\\\/uploads\\\/2023\\\/11\\\/Scuba-Direct-Vietnam-Scuba-Gear_logo.png\",\"width\":300,\"height\":90,\"caption\":\"Scuba Direct Vietnam Cressi Online\"},\"image\":{\"@id\":\"https:\\\/\\\/scubadirectvietnam.com\\\/#\\\/schema\\\/logo\\\/image\\\/\"},\"sameAs\":[\"https:\\\/\\\/www.facebook.com\\\/scubadirectvn\"]}]}<\/script>\n<!-- \/ Yoast SEO plugin. -->","yoast_head_json":{"title":"G\u0102NG TAY L\u1eb6N - CRESSI GLOVES TRACINA - Scuba Direct Vietnam","description":"g\u0103ng tay thi\u1ebft k\u1ebf c\u00f3 \u0111\u1ed9 \u0111\u00e0n h\u1ed3i tuy\u1ec7t v\u1eddi, s\u1ef1 tho\u1ea3i m\u00e1i, th\u1ee7y \u0111\u1ed9ng l\u1ef1c h\u1ecdc v\u00e0 kh\u00f4 nhanh. B\u00ean trong c\u00f3 l\u1ed7 x\u1ed1p si\u00eau nh\u1ecf v\u1edbi l\u1edbp ph\u1ee7 gi\u00fap b\u1ea3o v\u1ec7 nhi\u1ec7t t\u1ed1t h\u01a1n.","robots":{"index":"index","follow":"follow","max-snippet":"max-snippet:-1","max-image-preview":"max-image-preview:large","max-video-preview":"max-video-preview:-1"},"canonical":"https:\/\/scubadirectvietnam.com\/?product=tracina-2","og_locale":"en_US","og_type":"article","og_title":"G\u0102NG TAY L\u1eb6N - CRESSI GLOVES TRACINA - Scuba Direct Vietnam","og_description":"g\u0103ng tay thi\u1ebft k\u1ebf c\u00f3 \u0111\u1ed9 \u0111\u00e0n h\u1ed3i tuy\u1ec7t v\u1eddi, s\u1ef1 tho\u1ea3i m\u00e1i, th\u1ee7y \u0111\u1ed9ng l\u1ef1c h\u1ecdc v\u00e0 kh\u00f4 nhanh. B\u00ean trong c\u00f3 l\u1ed7 x\u1ed1p si\u00eau nh\u1ecf v\u1edbi l\u1edbp ph\u1ee7 gi\u00fap b\u1ea3o v\u1ec7 nhi\u1ec7t t\u1ed1t h\u01a1n.","og_url":"https:\/\/scubadirectvietnam.com\/?product=tracina-2","og_site_name":"Scuba Direct Vietnam","article_publisher":"https:\/\/www.facebook.com\/scubadirectvn","article_modified_time":"2026-01-28T04:15:25+00:00","og_image":[{"width":800,"height":800,"url":"https:\/\/scubadirectvietnam.com\/wp-content\/uploads\/2023\/12\/tracinaGloves-800-scuba-direct-vietnam-1.jpg","type":"image\/jpeg"}],"twitter_card":"summary_large_image","twitter_misc":{"Est. reading time":"1 minute"},"schema":{"@context":"https:\/\/schema.org","@graph":[{"@type":"WebPage","@id":"https:\/\/scubadirectvietnam.com\/?product=tracina-2","url":"https:\/\/scubadirectvietnam.com\/?product=tracina-2","name":"G\u0102NG TAY L\u1eb6N - CRESSI GLOVES TRACINA - Scuba Direct Vietnam","isPartOf":{"@id":"https:\/\/scubadirectvietnam.com\/#website"},"primaryImageOfPage":{"@id":"https:\/\/scubadirectvietnam.com\/?product=tracina-2#primaryimage"},"image":{"@id":"https:\/\/scubadirectvietnam.com\/?product=tracina-2#primaryimage"},"thumbnailUrl":"https:\/\/scubadirectvietnam.com\/wp-content\/uploads\/2023\/12\/tracinaGloves-800-scuba-direct-vietnam-1.jpg","datePublished":"2023-12-02T07:02:28+00:00","dateModified":"2026-01-28T04:15:25+00:00","description":"g\u0103ng tay thi\u1ebft k\u1ebf c\u00f3 \u0111\u1ed9 \u0111\u00e0n h\u1ed3i tuy\u1ec7t v\u1eddi, s\u1ef1 tho\u1ea3i m\u00e1i, th\u1ee7y \u0111\u1ed9ng l\u1ef1c h\u1ecdc v\u00e0 kh\u00f4 nhanh. B\u00ean trong c\u00f3 l\u1ed7 x\u1ed1p si\u00eau nh\u1ecf v\u1edbi l\u1edbp ph\u1ee7 gi\u00fap b\u1ea3o v\u1ec7 nhi\u1ec7t t\u1ed1t h\u01a1n.","breadcrumb":{"@id":"https:\/\/scubadirectvietnam.com\/?product=tracina-2#breadcrumb"},"inLanguage":"en-US","potentialAction":[{"@type":"ReadAction","target":["https:\/\/scubadirectvietnam.com\/?product=tracina-2"]}]},{"@type":"ImageObject","inLanguage":"en-US","@id":"https:\/\/scubadirectvietnam.com\/?product=tracina-2#primaryimage","url":"https:\/\/scubadirectvietnam.com\/wp-content\/uploads\/2023\/12\/tracinaGloves-800-scuba-direct-vietnam-1.jpg","contentUrl":"https:\/\/scubadirectvietnam.com\/wp-content\/uploads\/2023\/12\/tracinaGloves-800-scuba-direct-vietnam-1.jpg","width":800,"height":800},{"@type":"BreadcrumbList","@id":"https:\/\/scubadirectvietnam.com\/?product=tracina-2#breadcrumb","itemListElement":[{"@type":"ListItem","position":1,"name":"Home","item":"https:\/\/scubadirectvietnam.com\/"},{"@type":"ListItem","position":2,"name":"SCUBA DIRECT VIETNAM ONLINE SHOP","item":"https:\/\/scubadirectvietnam.com\/?page_id=54530"},{"@type":"ListItem","position":3,"name":"G\u0102NG TAY L\u1eb6N &#8211; CRESSI GLOVES TRACINA"}]},{"@type":"WebSite","@id":"https:\/\/scubadirectvietnam.com\/#website","url":"https:\/\/scubadirectvietnam.com\/","name":"Scuba Direct Vietnam","description":"","publisher":{"@id":"https:\/\/scubadirectvietnam.com\/#organization"},"potentialAction":[{"@type":"SearchAction","target":{"@type":"EntryPoint","urlTemplate":"https:\/\/scubadirectvietnam.com\/?s={search_term_string}"},"query-input":{"@type":"PropertyValueSpecification","valueRequired":true,"valueName":"search_term_string"}}],"inLanguage":"en-US"},{"@type":"Organization","@id":"https:\/\/scubadirectvietnam.com\/#organization","name":"Scuba Direct Vietnam Cressi Online","url":"https:\/\/scubadirectvietnam.com\/","logo":{"@type":"ImageObject","inLanguage":"en-US","@id":"https:\/\/scubadirectvietnam.com\/#\/schema\/logo\/image\/","url":"https:\/\/scubadirectvietnam.com\/wp-content\/uploads\/2023\/11\/Scuba-Direct-Vietnam-Scuba-Gear_logo.png","contentUrl":"https:\/\/scubadirectvietnam.com\/wp-content\/uploads\/2023\/11\/Scuba-Direct-Vietnam-Scuba-Gear_logo.png","width":300,"height":90,"caption":"Scuba Direct Vietnam Cressi Online"},"image":{"@id":"https:\/\/scubadirectvietnam.com\/#\/schema\/logo\/image\/"},"sameAs":["https:\/\/www.facebook.com\/scubadirectvn"]}]}},"_links":{"self":[{"href":"https:\/\/scubadirectvietnam.com\/index.php?rest_route=\/wp\/v2\/product\/55757","targetHints":{"allow":["GET"]}}],"collection":[{"href":"https:\/\/scubadirectvietnam.com\/index.php?rest_route=\/wp\/v2\/product"}],"about":[{"href":"https:\/\/scubadirectvietnam.com\/index.php?rest_route=\/wp\/v2\/types\/product"}],"replies":[{"embeddable":true,"href":"https:\/\/scubadirectvietnam.com\/index.php?rest_route=%2Fwp%2Fv2%2Fcomments&post=55757"}],"version-history":[{"count":3,"href":"https:\/\/scubadirectvietnam.com\/index.php?rest_route=\/wp\/v2\/product\/55757\/revisions"}],"predecessor-version":[{"id":57383,"href":"https:\/\/scubadirectvietnam.com\/index.php?rest_route=\/wp\/v2\/product\/55757\/revisions\/57383"}],"wp:featuredmedia":[{"embeddable":true,"href":"https:\/\/scubadirectvietnam.com\/index.php?rest_route=\/wp\/v2\/media\/55858"}],"wp:attachment":[{"href":"https:\/\/scubadirectvietnam.com\/index.php?rest_route=%2Fwp%2Fv2%2Fmedia&parent=55757"}],"wp:term":[{"taxonomy":"product_brand","embeddable":true,"href":"https:\/\/scubadirectvietnam.com\/index.php?rest_route=%2Fwp%2Fv2%2Fproduct_brand&post=55757"},{"taxonomy":"product_cat","embeddable":true,"href":"https:\/\/scubadirectvietnam.com\/index.php?rest_route=%2Fwp%2Fv2%2Fproduct_cat&post=55757"},{"taxonomy":"product_tag","embeddable":true,"href":"https:\/\/scubadirectvietnam.com\/index.php?rest_route=%2Fwp%2Fv2%2Fproduct_tag&post=55757"}],"curies":[{"name":"wp","href":"https:\/\/api.w.org\/{rel}","templated":true}]}}