{"id":55577,"date":"2023-12-02T07:01:39","date_gmt":"2023-12-02T07:01:39","guid":{"rendered":"https:\/\/scubadirectvietnam.com\/new\/?post_type=product&#038;p=55577"},"modified":"2026-02-09T09:34:53","modified_gmt":"2026-02-09T03:34:53","slug":"bo-do-lan-cressi-wetsuit-med-2-5mm","status":"publish","type":"product","link":"https:\/\/scubadirectvietnam.com\/?product=bo-do-lan-cressi-wetsuit-med-2-5mm","title":{"rendered":"B\u1ed8 \u0110\u1ed2 L\u1eb6N &#8211; CRESSI WETSUIT MED 2.5mm"},"content":{"rendered":"<ul>\n<li>B\u1ed9 \u0111\u1ed3 l\u1eb7n ng\u1eafn, d\u00e0y 2.5 mm.<\/li>\n<li>Ho\u00e0n h\u1ea3o cho l\u1eb7n bi\u1ec3n trong v\u00f9ng n\u01b0\u1edbc nhi\u1ec7t \u0111\u1edbi, b\u01a1i l\u1ed9i, \u0111i thuy\u1ec1n bu\u1ed3m v\u00e0 th\u1ec3 thao d\u01b0\u1edbi n\u01b0\u1edbc n\u00f3i chung.<\/li>\n<li>Nh\u1eb9 v\u00e0 d\u1ec5 d\u00e0ng khi m\u1eb7c, tho\u1ea3i m\u00e1i khi v\u1eadn \u0111\u1ed9ng.<\/li>\n<li>Kh\u00f3a sau<\/li>\n<li>C\u1ed5 cao c\u00f3 th\u1ec3 \u0111i\u1ec1u ch\u1ec9nh \u0111\u01b0\u1ee3c b\u1eb1ng kh\u00f3a Velcro<\/li>\n<li>C\u00f3 s\u1eb5n c\u00e1c size: XXXXS, XXXS, XXS, XS,XXXL, XXXXL.<\/li>\n<\/ul>\n","protected":false},"excerpt":{"rendered":"<p>B\u1ed9 \u0111\u1ed3 l\u1eb7n ng\u1eafn, d\u00e0y 2.5 mm. Ho\u00e0n h\u1ea3o cho l\u1eb7n bi\u1ec3n trong v\u00f9ng n\u01b0\u1edbc nhi\u1ec7t \u0111\u1edbi, b\u01a1i l\u1ed9i, \u0111i thuy\u1ec1n bu\u1ed3m v\u00e0 th\u1ec3 thao d\u01b0\u1edbi n\u01b0\u1edbc n\u00f3i chung. Nh\u1eb9 v\u00e0 d\u1ec5 d\u00e0ng khi m\u1eb7c, tho\u1ea3i m\u00e1i khi v\u1eadn \u0111\u1ed9ng. Kh\u00f3a sau C\u1ed5 cao c\u00f3 th\u1ec3 \u0111i\u1ec1u ch\u1ec9nh \u0111\u01b0\u1ee3c b\u1eb1ng kh\u00f3a Velcro C\u00f3 s\u1eb5n c\u00e1c&hellip;<\/p>\n","protected":false},"featured_media":58345,"comment_status":"closed","ping_status":"closed","template":"","meta":[],"product_brand":[],"product_cat":[337],"product_tag":[363],"class_list":{"0":"post-55577","1":"product","2":"type-product","3":"status-publish","4":"has-post-thumbnail","6":"product_cat-do-lan","7":"product_tag-do-lan","8":"description-off","10":"first","11":"instock","12":"sale","13":"taxable","14":"shipping-taxable","15":"purchasable","16":"product-type-variable"},"yoast_head":"<!-- This site is optimized with the Yoast SEO plugin v27.4 - https:\/\/yoast.com\/product\/yoast-seo-wordpress\/ -->\n<title>B\u1ed8 \u0110\u1ed2 L\u1eb6N - CRESSI WETSUIT MED 2.5mm - Scuba Direct Vietnam<\/title>\n<meta name=\"description\" content=\"\u0110\u00e2y l\u00e0 m\u1ed9t chi\u1ebfc qu\u1ea7n short m\u1ed9t m\u1ea3nh b\u1eb1ng ch\u1ea5t li\u1ec7u Neoprene si\u00eau co d\u00e3n cao hai l\u1edbp 2,5 mm v\u1edbi ph\u1ea7n ng\u1ef1c \u0111\u01b0\u1ee3c b\u1ecdc cao su, c\u0169ng l\u00fd t\u01b0\u1edfng cho ng\u01b0\u1eddi l\u01b0\u1edbt s\u00f3ng\" \/>\n<meta name=\"robots\" content=\"index, follow, max-snippet:-1, max-image-preview:large, max-video-preview:-1\" \/>\n<link rel=\"canonical\" href=\"https:\/\/scubadirectvietnam.com\/?product=bo-do-lan-cressi-wetsuit-med-2-5mm\" \/>\n<meta property=\"og:locale\" content=\"en_US\" \/>\n<meta property=\"og:type\" content=\"article\" \/>\n<meta property=\"og:title\" content=\"B\u1ed8 \u0110\u1ed2 L\u1eb6N - CRESSI WETSUIT MED 2.5mm - Scuba Direct Vietnam\" \/>\n<meta property=\"og:description\" content=\"\u0110\u00e2y l\u00e0 m\u1ed9t chi\u1ebfc qu\u1ea7n short m\u1ed9t m\u1ea3nh b\u1eb1ng ch\u1ea5t li\u1ec7u Neoprene si\u00eau co d\u00e3n cao hai l\u1edbp 2,5 mm v\u1edbi ph\u1ea7n ng\u1ef1c \u0111\u01b0\u1ee3c b\u1ecdc cao su, c\u0169ng l\u00fd t\u01b0\u1edfng cho ng\u01b0\u1eddi l\u01b0\u1edbt s\u00f3ng\" \/>\n<meta property=\"og:url\" content=\"https:\/\/scubadirectvietnam.com\/?product=bo-do-lan-cressi-wetsuit-med-2-5mm\" \/>\n<meta property=\"og:site_name\" content=\"Scuba Direct Vietnam\" \/>\n<meta property=\"article:publisher\" content=\"https:\/\/www.facebook.com\/scubadirectvn\" \/>\n<meta property=\"article:modified_time\" content=\"2026-02-09T03:34:53+00:00\" \/>\n<meta property=\"og:image\" content=\"https:\/\/scubadirectvietnam.com\/wp-content\/uploads\/2023\/12\/med1-1.jpg\" \/>\n\t<meta property=\"og:image:width\" content=\"900\" \/>\n\t<meta property=\"og:image:height\" content=\"900\" \/>\n\t<meta property=\"og:image:type\" content=\"image\/jpeg\" \/>\n<meta name=\"twitter:card\" content=\"summary_large_image\" \/>\n<meta name=\"twitter:label1\" content=\"Est. reading time\" \/>\n\t<meta name=\"twitter:data1\" content=\"1 minute\" \/>\n<script type=\"application\/ld+json\" class=\"yoast-schema-graph\">{\"@context\":\"https:\\\/\\\/schema.org\",\"@graph\":[{\"@type\":\"WebPage\",\"@id\":\"https:\\\/\\\/scubadirectvietnam.com\\\/?product=bo-do-lan-cressi-wetsuit-med-2-5mm\",\"url\":\"https:\\\/\\\/scubadirectvietnam.com\\\/?product=bo-do-lan-cressi-wetsuit-med-2-5mm\",\"name\":\"B\u1ed8 \u0110\u1ed2 L\u1eb6N - CRESSI WETSUIT MED 2.5mm - Scuba Direct Vietnam\",\"isPartOf\":{\"@id\":\"https:\\\/\\\/scubadirectvietnam.com\\\/#website\"},\"primaryImageOfPage\":{\"@id\":\"https:\\\/\\\/scubadirectvietnam.com\\\/?product=bo-do-lan-cressi-wetsuit-med-2-5mm#primaryimage\"},\"image\":{\"@id\":\"https:\\\/\\\/scubadirectvietnam.com\\\/?product=bo-do-lan-cressi-wetsuit-med-2-5mm#primaryimage\"},\"thumbnailUrl\":\"https:\\\/\\\/scubadirectvietnam.com\\\/wp-content\\\/uploads\\\/2023\\\/12\\\/med1-1.jpg\",\"datePublished\":\"2023-12-02T07:01:39+00:00\",\"dateModified\":\"2026-02-09T03:34:53+00:00\",\"description\":\"\u0110\u00e2y l\u00e0 m\u1ed9t chi\u1ebfc qu\u1ea7n short m\u1ed9t m\u1ea3nh b\u1eb1ng ch\u1ea5t li\u1ec7u Neoprene si\u00eau co d\u00e3n cao hai l\u1edbp 2,5 mm v\u1edbi ph\u1ea7n ng\u1ef1c \u0111\u01b0\u1ee3c b\u1ecdc cao su, c\u0169ng l\u00fd t\u01b0\u1edfng cho ng\u01b0\u1eddi l\u01b0\u1edbt s\u00f3ng\",\"breadcrumb\":{\"@id\":\"https:\\\/\\\/scubadirectvietnam.com\\\/?product=bo-do-lan-cressi-wetsuit-med-2-5mm#breadcrumb\"},\"inLanguage\":\"en-US\",\"potentialAction\":[{\"@type\":\"ReadAction\",\"target\":[\"https:\\\/\\\/scubadirectvietnam.com\\\/?product=bo-do-lan-cressi-wetsuit-med-2-5mm\"]}]},{\"@type\":\"ImageObject\",\"inLanguage\":\"en-US\",\"@id\":\"https:\\\/\\\/scubadirectvietnam.com\\\/?product=bo-do-lan-cressi-wetsuit-med-2-5mm#primaryimage\",\"url\":\"https:\\\/\\\/scubadirectvietnam.com\\\/wp-content\\\/uploads\\\/2023\\\/12\\\/med1-1.jpg\",\"contentUrl\":\"https:\\\/\\\/scubadirectvietnam.com\\\/wp-content\\\/uploads\\\/2023\\\/12\\\/med1-1.jpg\",\"width\":900,\"height\":900},{\"@type\":\"BreadcrumbList\",\"@id\":\"https:\\\/\\\/scubadirectvietnam.com\\\/?product=bo-do-lan-cressi-wetsuit-med-2-5mm#breadcrumb\",\"itemListElement\":[{\"@type\":\"ListItem\",\"position\":1,\"name\":\"Home\",\"item\":\"https:\\\/\\\/scubadirectvietnam.com\\\/\"},{\"@type\":\"ListItem\",\"position\":2,\"name\":\"SCUBA DIRECT VIETNAM ONLINE SHOP\",\"item\":\"https:\\\/\\\/scubadirectvietnam.com\\\/?page_id=54530\"},{\"@type\":\"ListItem\",\"position\":3,\"name\":\"B\u1ed8 \u0110\u1ed2 L\u1eb6N &#8211; CRESSI WETSUIT MED 2.5mm\"}]},{\"@type\":\"WebSite\",\"@id\":\"https:\\\/\\\/scubadirectvietnam.com\\\/#website\",\"url\":\"https:\\\/\\\/scubadirectvietnam.com\\\/\",\"name\":\"Scuba Direct Vietnam\",\"description\":\"\",\"publisher\":{\"@id\":\"https:\\\/\\\/scubadirectvietnam.com\\\/#organization\"},\"potentialAction\":[{\"@type\":\"SearchAction\",\"target\":{\"@type\":\"EntryPoint\",\"urlTemplate\":\"https:\\\/\\\/scubadirectvietnam.com\\\/?s={search_term_string}\"},\"query-input\":{\"@type\":\"PropertyValueSpecification\",\"valueRequired\":true,\"valueName\":\"search_term_string\"}}],\"inLanguage\":\"en-US\"},{\"@type\":\"Organization\",\"@id\":\"https:\\\/\\\/scubadirectvietnam.com\\\/#organization\",\"name\":\"Scuba Direct Vietnam Cressi Online\",\"url\":\"https:\\\/\\\/scubadirectvietnam.com\\\/\",\"logo\":{\"@type\":\"ImageObject\",\"inLanguage\":\"en-US\",\"@id\":\"https:\\\/\\\/scubadirectvietnam.com\\\/#\\\/schema\\\/logo\\\/image\\\/\",\"url\":\"https:\\\/\\\/scubadirectvietnam.com\\\/wp-content\\\/uploads\\\/2023\\\/11\\\/Scuba-Direct-Vietnam-Scuba-Gear_logo.png\",\"contentUrl\":\"https:\\\/\\\/scubadirectvietnam.com\\\/wp-content\\\/uploads\\\/2023\\\/11\\\/Scuba-Direct-Vietnam-Scuba-Gear_logo.png\",\"width\":300,\"height\":90,\"caption\":\"Scuba Direct Vietnam Cressi Online\"},\"image\":{\"@id\":\"https:\\\/\\\/scubadirectvietnam.com\\\/#\\\/schema\\\/logo\\\/image\\\/\"},\"sameAs\":[\"https:\\\/\\\/www.facebook.com\\\/scubadirectvn\"]}]}<\/script>\n<!-- \/ Yoast SEO plugin. -->","yoast_head_json":{"title":"B\u1ed8 \u0110\u1ed2 L\u1eb6N - CRESSI WETSUIT MED 2.5mm - Scuba Direct Vietnam","description":"\u0110\u00e2y l\u00e0 m\u1ed9t chi\u1ebfc qu\u1ea7n short m\u1ed9t m\u1ea3nh b\u1eb1ng ch\u1ea5t li\u1ec7u Neoprene si\u00eau co d\u00e3n cao hai l\u1edbp 2,5 mm v\u1edbi ph\u1ea7n ng\u1ef1c \u0111\u01b0\u1ee3c b\u1ecdc cao su, c\u0169ng l\u00fd t\u01b0\u1edfng cho ng\u01b0\u1eddi l\u01b0\u1edbt s\u00f3ng","robots":{"index":"index","follow":"follow","max-snippet":"max-snippet:-1","max-image-preview":"max-image-preview:large","max-video-preview":"max-video-preview:-1"},"canonical":"https:\/\/scubadirectvietnam.com\/?product=bo-do-lan-cressi-wetsuit-med-2-5mm","og_locale":"en_US","og_type":"article","og_title":"B\u1ed8 \u0110\u1ed2 L\u1eb6N - CRESSI WETSUIT MED 2.5mm - Scuba Direct Vietnam","og_description":"\u0110\u00e2y l\u00e0 m\u1ed9t chi\u1ebfc qu\u1ea7n short m\u1ed9t m\u1ea3nh b\u1eb1ng ch\u1ea5t li\u1ec7u Neoprene si\u00eau co d\u00e3n cao hai l\u1edbp 2,5 mm v\u1edbi ph\u1ea7n ng\u1ef1c \u0111\u01b0\u1ee3c b\u1ecdc cao su, c\u0169ng l\u00fd t\u01b0\u1edfng cho ng\u01b0\u1eddi l\u01b0\u1edbt s\u00f3ng","og_url":"https:\/\/scubadirectvietnam.com\/?product=bo-do-lan-cressi-wetsuit-med-2-5mm","og_site_name":"Scuba Direct Vietnam","article_publisher":"https:\/\/www.facebook.com\/scubadirectvn","article_modified_time":"2026-02-09T03:34:53+00:00","og_image":[{"width":900,"height":900,"url":"https:\/\/scubadirectvietnam.com\/wp-content\/uploads\/2023\/12\/med1-1.jpg","type":"image\/jpeg"}],"twitter_card":"summary_large_image","twitter_misc":{"Est. reading time":"1 minute"},"schema":{"@context":"https:\/\/schema.org","@graph":[{"@type":"WebPage","@id":"https:\/\/scubadirectvietnam.com\/?product=bo-do-lan-cressi-wetsuit-med-2-5mm","url":"https:\/\/scubadirectvietnam.com\/?product=bo-do-lan-cressi-wetsuit-med-2-5mm","name":"B\u1ed8 \u0110\u1ed2 L\u1eb6N - CRESSI WETSUIT MED 2.5mm - Scuba Direct Vietnam","isPartOf":{"@id":"https:\/\/scubadirectvietnam.com\/#website"},"primaryImageOfPage":{"@id":"https:\/\/scubadirectvietnam.com\/?product=bo-do-lan-cressi-wetsuit-med-2-5mm#primaryimage"},"image":{"@id":"https:\/\/scubadirectvietnam.com\/?product=bo-do-lan-cressi-wetsuit-med-2-5mm#primaryimage"},"thumbnailUrl":"https:\/\/scubadirectvietnam.com\/wp-content\/uploads\/2023\/12\/med1-1.jpg","datePublished":"2023-12-02T07:01:39+00:00","dateModified":"2026-02-09T03:34:53+00:00","description":"\u0110\u00e2y l\u00e0 m\u1ed9t chi\u1ebfc qu\u1ea7n short m\u1ed9t m\u1ea3nh b\u1eb1ng ch\u1ea5t li\u1ec7u Neoprene si\u00eau co d\u00e3n cao hai l\u1edbp 2,5 mm v\u1edbi ph\u1ea7n ng\u1ef1c \u0111\u01b0\u1ee3c b\u1ecdc cao su, c\u0169ng l\u00fd t\u01b0\u1edfng cho ng\u01b0\u1eddi l\u01b0\u1edbt s\u00f3ng","breadcrumb":{"@id":"https:\/\/scubadirectvietnam.com\/?product=bo-do-lan-cressi-wetsuit-med-2-5mm#breadcrumb"},"inLanguage":"en-US","potentialAction":[{"@type":"ReadAction","target":["https:\/\/scubadirectvietnam.com\/?product=bo-do-lan-cressi-wetsuit-med-2-5mm"]}]},{"@type":"ImageObject","inLanguage":"en-US","@id":"https:\/\/scubadirectvietnam.com\/?product=bo-do-lan-cressi-wetsuit-med-2-5mm#primaryimage","url":"https:\/\/scubadirectvietnam.com\/wp-content\/uploads\/2023\/12\/med1-1.jpg","contentUrl":"https:\/\/scubadirectvietnam.com\/wp-content\/uploads\/2023\/12\/med1-1.jpg","width":900,"height":900},{"@type":"BreadcrumbList","@id":"https:\/\/scubadirectvietnam.com\/?product=bo-do-lan-cressi-wetsuit-med-2-5mm#breadcrumb","itemListElement":[{"@type":"ListItem","position":1,"name":"Home","item":"https:\/\/scubadirectvietnam.com\/"},{"@type":"ListItem","position":2,"name":"SCUBA DIRECT VIETNAM ONLINE SHOP","item":"https:\/\/scubadirectvietnam.com\/?page_id=54530"},{"@type":"ListItem","position":3,"name":"B\u1ed8 \u0110\u1ed2 L\u1eb6N &#8211; CRESSI WETSUIT MED 2.5mm"}]},{"@type":"WebSite","@id":"https:\/\/scubadirectvietnam.com\/#website","url":"https:\/\/scubadirectvietnam.com\/","name":"Scuba Direct Vietnam","description":"","publisher":{"@id":"https:\/\/scubadirectvietnam.com\/#organization"},"potentialAction":[{"@type":"SearchAction","target":{"@type":"EntryPoint","urlTemplate":"https:\/\/scubadirectvietnam.com\/?s={search_term_string}"},"query-input":{"@type":"PropertyValueSpecification","valueRequired":true,"valueName":"search_term_string"}}],"inLanguage":"en-US"},{"@type":"Organization","@id":"https:\/\/scubadirectvietnam.com\/#organization","name":"Scuba Direct Vietnam Cressi Online","url":"https:\/\/scubadirectvietnam.com\/","logo":{"@type":"ImageObject","inLanguage":"en-US","@id":"https:\/\/scubadirectvietnam.com\/#\/schema\/logo\/image\/","url":"https:\/\/scubadirectvietnam.com\/wp-content\/uploads\/2023\/11\/Scuba-Direct-Vietnam-Scuba-Gear_logo.png","contentUrl":"https:\/\/scubadirectvietnam.com\/wp-content\/uploads\/2023\/11\/Scuba-Direct-Vietnam-Scuba-Gear_logo.png","width":300,"height":90,"caption":"Scuba Direct Vietnam Cressi Online"},"image":{"@id":"https:\/\/scubadirectvietnam.com\/#\/schema\/logo\/image\/"},"sameAs":["https:\/\/www.facebook.com\/scubadirectvn"]}]}},"_links":{"self":[{"href":"https:\/\/scubadirectvietnam.com\/index.php?rest_route=\/wp\/v2\/product\/55577","targetHints":{"allow":["GET"]}}],"collection":[{"href":"https:\/\/scubadirectvietnam.com\/index.php?rest_route=\/wp\/v2\/product"}],"about":[{"href":"https:\/\/scubadirectvietnam.com\/index.php?rest_route=\/wp\/v2\/types\/product"}],"replies":[{"embeddable":true,"href":"https:\/\/scubadirectvietnam.com\/index.php?rest_route=%2Fwp%2Fv2%2Fcomments&post=55577"}],"version-history":[{"count":5,"href":"https:\/\/scubadirectvietnam.com\/index.php?rest_route=\/wp\/v2\/product\/55577\/revisions"}],"predecessor-version":[{"id":58784,"href":"https:\/\/scubadirectvietnam.com\/index.php?rest_route=\/wp\/v2\/product\/55577\/revisions\/58784"}],"wp:featuredmedia":[{"embeddable":true,"href":"https:\/\/scubadirectvietnam.com\/index.php?rest_route=\/wp\/v2\/media\/58345"}],"wp:attachment":[{"href":"https:\/\/scubadirectvietnam.com\/index.php?rest_route=%2Fwp%2Fv2%2Fmedia&parent=55577"}],"wp:term":[{"taxonomy":"product_brand","embeddable":true,"href":"https:\/\/scubadirectvietnam.com\/index.php?rest_route=%2Fwp%2Fv2%2Fproduct_brand&post=55577"},{"taxonomy":"product_cat","embeddable":true,"href":"https:\/\/scubadirectvietnam.com\/index.php?rest_route=%2Fwp%2Fv2%2Fproduct_cat&post=55577"},{"taxonomy":"product_tag","embeddable":true,"href":"https:\/\/scubadirectvietnam.com\/index.php?rest_route=%2Fwp%2Fv2%2Fproduct_tag&post=55577"}],"curies":[{"name":"wp","href":"https:\/\/api.w.org\/{rel}","templated":true}]}}